e h(4). Suppose w*j + 5 = v*j. Let l(q) = -q**2 - 5*q + 6. Determine l(j).
6
Let h(c) = 22*c - 20*c + 4 + 8. Let y be h(-7). Let p(t) = -2*t**2 - 3*t - 1. Give p(y).
-3
Let l be ((-34)/5)/((-1)/5). Let z = 263 - 234. Let b = l - z. Let t(n) = n**3 - 6*n**2 + 4*n. Give t(b).
-5
Suppose 4*j - 8*j = -20. Let l be j + -7 - (0 - 0). Let s(w) = 2*w**3 + 2*w**2 + w + 2. What is s(l)?
-8
Suppose -5*b - s = 19 + 21, 0 = -5*b - 2*s - 40. Let f(d) = d**3 + 7*d**2 - 7*d + 10. Give f(b).
2
Let w(s) = -s**3 - 6*s**2 - 2. Let m(o) = 2*o + 2. Let t be m(-2). Let n be t + 1/((-4)/16). Give w(n).
-2
Suppose 12 - 72 = -5*c. Let n = -7 + c. Let u(x) be the third derivative of -x**4/24 - x**3/3 - 3*x**2. What is u(n)?
-7
Suppose 0 = -13*z + 136 - 71. Let w(l) = 2*l**2 - 9*l - 5. Give w(z).
0
Suppose 9 - 49 = -10*h. Let y = 10 - 4. Let u(g) = -g + h*g**2 - 2*g - g**3 + y*g. What is u(5)?
-10
Let z(w) = -3*w**2 - 16*w + 33. Let a(v) = 5*v**2 + 24*v - 50. Let d(o) = 5*a(o) + 8*z(o). Let t(m) be the first derivative of d(m). Give t(6).
4
Let q be ((-2)/4)/(-1)*4. Suppose 0*r - q = -r. Suppose r*l = -2*l - 4. Let w(s) = s**3 + 2*s**2 - 1. Determine w(l).
0
Let a = -28 - -30. Let z(c) = 3*c**a + 12 - 5*c**2 - 10 + c. What is z(-2)?
-8
Let w(b) = 2*b + 1. Let r(n) = -17*n**2 + 0*n + n + 3*n + 16*n**2. Let l(o) = -r(o) + 6*w(o). Determine l(-6).
-6
Let l(p) be the third derivative of p**5/30 - p**4/8 - p**3/2 + 8039*p**2. Let i be -2 + 3/(3/2). Let o = i - -4. Calculate l(o).
17
Let h(i) = 6*i + 6. Let p = -607 + 602. Determine h(p).
-24
Let c(w) = w - 19. Let j = -359 + 367. Determine c(j).
-11
Let b(v) = 17*v**2 + 47*v - 18. Let l be b(-3). Let c(p) = p + 7. Let g(n) = -4*n - 28. Let f(s) = 9*c(s) + 2*g(s). Determine f(l).
1
Let v(m) = 323*m**2 + 0 + m + 0*m - 322*m**2 + 2 + 0. What is v(2)?
8
Let w(k) = -8*k**3 + 2*k**2 - k. Suppose 23*a - 25*a + 2 = 0. Determine w(a).
-7
Let i(p) be the third derivative of p**5/60 + 5*p**4/24 - 11*p**3/3 + 2*p**2 + 244*p. What is i(-9)?
14
Let m(p) = 5*p + 14. Let d be m(-8). Let v = 18 + d. Let b(r) = -r**3 - 8*r**2 + r + 6. Give b(v).
-2
Let x(f) = -f**3 + 5*f**2 - 2*f - 4. Let a be x(3). Suppose 0 = -5*n - 2*d - 0 + 13, n - a = 5*d. Let r(b) = b**3 - 4*b**2 + 3. Calculate r(n).
-6
Let f = 85 + -75. Let q(m) = -8*m + 0*m - 3*m + f*m. Determine q(-5).
5
Suppose -p - 4 + 6 = 0. Let o(u) = p + 1 + 7*u + 5 - u**2 - 5. Suppose -129 = -12*r - 45. Give o(r).
3
Let j(n) = -n**3 + 11*n**2 - 1. Suppose -3*i + 22 = 2*y, 9*y - 7*y - 3*i = 22. Calculate j(y).
-1
Let i(b) be the second derivative of -b**5/20 + b**4/3 + b**3/2 + 3*b**2/2 + 2*b - 38. Suppose n - 4*m - 17 = 0, -4*n - 2*m = -4 - 10. Determine i(n).
-7
Let w(a) = -12 + 15 + 2*a - 5 - 5. Calculate w(4).
1
Let z(r) = -6*r**2 - 9*r + 7. Let i(m) = -m**2 + 3. Let k(p) = -5*i(p) + z(p). Give k(-9).
-8
Let w be 6 + ((-35)/(-28) + 0)*-4. Let x(v) = -29*v**3 + 2*v - 1. Calculate x(w).
-28
Let d = -248 - -240. Let t(m) = m**2 + 10*m - 1. What is t(d)?
-17
Let a(w) be the first derivative of -w**3/3 - 2*w**2 + 11*w - 160. Give a(-6).
-1
Let h(g) = 3 - 7 - g**2 + 1. What is h(3)?
-12
Let z(t) = -4*t**2 - 1. Let k(r) = 2*r**2 - 2*r. Let p be k(-2). Suppose -2 = -5*x - p. Let d be 2/(-4) + 1/x. Determine z(d).
-5
Let i = -6 - -8. Suppose b = 4*c - 18, 13 - 5 = c - i*b. Let a(x) = -x - 371 + 369 + x + x. Calculate a(c).
2
Suppose -3 = 4*n + 2*q + q, -2*n + 2*q + 16 = 0. Let x be -4 + n/3 + -2. Let f(s) = -1. Let k(g) = g**2 + 2*g - 2. Let l(c) = 4*f(c) + k(c). What is l(x)?
9
Let l = -2759 + 2755. Let u(j) = j**3 + 6*j**2 + 7*j + 2. Calculate u(l).
6
Let t(p) = -3*p + 4. Suppose 3*k + 0 = 5*g - 16, 3*g + 2 = -4*k. Give t(g).
-2
Let n(p) be the second derivative of -p**3/3 - 9*p**2/2 + 74*p. Give n(-6).
3
Let z = -249 + 250. Let k(y) be the second derivative of -y**3/3 - y**2/2 - 3*y. What is k(z)?
-3
Let h(b) = 41 - 61 - b + b**2 + 2*b**3 - b**3 + 50. What is h(0)?
30
Let n(l) = 2*l**2 - l. Let i be n(2). Let z(q) = 4*q - 30. Calculate z(i).
-6
Let t(l) = -l + 0*l**3 - 43 + 50 + l**3 + l**2. Let d(i) = i**2 + 6*i + 5. Let r be d(-5). Give t(r).
7
Let h be 74/24 - (-3)/(-36). Let j be (2/(-4))/(4/(-24)). Let p(d) = -h*d + d**j + 7*d**2 - 2*d**2 + 3*d**3 - 7 - 3*d**3. Calculate p(-5).
8
Let o(n) be the second derivative of 5/6*n**3 + 5*n - 1/12*n**4 - 3/2*n**2 + 0. Determine o(5).
-3
Suppose 8*q - 37 + 13 = 0. Let i(l) = -4*l - q*l + 0*l + 2*l + 1. Suppose 4*k + 3*o + 7 = 0, k = 5*o - 4*o. Give i(k).
6
Let b(z) be the second derivative of z**4/8 + z**3/3 + 10*z**2 + z - 14. Let o(u) be the first derivative of b(u). Give o(-6).
-16
Let m(j) = 5*j**3 + 24*j**2 - 5*j + 56. Let f(c) = c**3 + 5*c**2 - c + 11. Let s(y) = -11*f(y) + 2*m(y). Calculate s(-8).
47
Let c(l) = -7*l + 6 + 4*l**2 - 3*l**2 - 2*l**2. Let o be c(-8). Let p(f) be the second derivative of -f**4/4 - f**3/3 + f**2 - f. Determine p(o).
-6
Let q(r) = -r - 13. Suppose 197*k = 202*k + 45. Determine q(k).
-4
Let v(t) = -t**3 - 2*t**2 - 7*t - 10. Let l(u) = u**2 + u + 1. Let h(n) = -6*l(n) - v(n). Let j be (44/(-10))/(3*3/90). Let z = -41 - j. Give h(z).
-2
Suppose 0 = 3*b - 3*o - 48, -4*b - 2*o - 71 = -9*b. Suppose 6*g - 17 - b = 0. Let w(r) = r - 6. Let p(n) = 2*n - 12. Let m(u) = 3*p(u) - 7*w(u). Calculate m(g).
1
Let b(d) = d - 5. Let j be b(5). Let x be -4 - -1 - j/(-2). Let r(n) be the second derivative of n**3/2 + n**2 + 2*n - 37. What is r(x)?
-7
Let n(g) be the third derivative of g**5/60 + 3*g**4/8 + g**3/3 + 85*g**2. What is n(-9)?
2
Let h(q) = q**3 - 25*q**2 + 5*q - 134. Let n be h(25). Let w(v) = 2*v**2 + 17*v - 12. What is w(n)?
-3
Let n(b) = -b**2 + 4*b + 5. Let w be n(5). Let x be (w + 0)/((-2)/(-1)). Let m(y) be the third derivative of y**4/24 + y**3/2 + 2*y**2. Give m(x).
3
Let z(x) = 27*x - 105. Let j be z(4). Let w(y) = y**2 - 4*y - 1. What is w(j)?
-4
Let k(o) = o**3 - 5*o**2 + 4*o. Let n(f) be the first derivative of 3*f**2 - 3 + 4*f**2 - 8*f - 8*f**2. Let g be n(-6). Give k(g).
0
Let s(j) = -j**3 + 6*j**2 + j - 1. Let q be s(6). Let z(u) = 4 + 4 - 3 + q*u + 3*u**2 - 4*u**2. Give z(4).
9
Let k(a) = a**2 - a + 43. Suppose 55*p - 49*p = 0. What is k(p)?
43
Let d(v) be the first derivative of v**4/12 - v**3/6 - 5*v**2/2 - 5*v + 4. Let s(x) be the first derivative of d(x). Suppose -9*p + 7*p + 10 = 0. What is s(p)?
15
Let s(n) be the first derivative of -n**4/4 - 5*n**3/3 - n**2/2 + 7*n + 184. Let u be 14*(0 - -2 - 1). Suppose -3*o - 1 = u. What is s(o)?
12
Let p(m) be the third derivative of -m**5/60 - 5*m**4/24 - m**3/2 + 2*m**2. Suppose -y + 26 = i, -i + 20 = 3*y - 6. Let r = i + -30. Determine p(r).
1
Let m(v) = 3*v**3 - v**2 - 1. Let j(t) = -14*t**3 - t**2 + t + 7. Let q(u) = j(u) + 5*m(u). Calculate q(6).
8
Let h be (-8)/((-4 - 3)/(-14)). Let s(d) = d + 21. Give s(h).
5
Suppose 0 = 2*o - 6 - 2. Let h(l) be the first derivative of -l**4/4 + 4*l**3/3 - 5*l**2/2 + 6*l + 132. What is h(o)?
-14
Let u = -1570 + 1564. Let o(r) = r**2 + r - 10. What is o(u)?
20
Let a be 1 - ((4 - 1) + -8). Let b(y) = -2*y + 10. Give b(a).
-2
Let l be 24/36 - (-14)/(-3). Let m(w) = w - 3. Let r(x) = 0 + 3 - 2 - x + 3. Let t(i) = 4*m(i) + 3*r(i). Give t(l).
-4
Let a(w) = w**2 + 9*w - 5. Suppose -10*t - 65 - 25 = 0. Let l(g) = 5*g**2 + 36*g - 21. Let o(f) = t*a(f) + 2*l(f). What is o(8)?
-5
Let h be (-1 - 5/(-1)) + (-1820)/480. Let x(v) be the third derivative of h*v**4 + 0 - 1/2*v**3 - 2*v**2 + 0*v. Calculate x(2).
7
Let g = -303 + 302. Let d(x) = 50*x**2 + 2*x - 11. Let h(k) = 17*k**2 + k - 4. Let m(v) = -3*d(v) + 8*h(v). Give m(g).
-15
Let l(f) = 9*f**3 + 6*f**2 - 6*f - 19. Let c(x) = -4*x**3 - 3*x**2 + 3*x + 9. Let t(z) = -7*c(z) - 3*l(z). Calculate t(-3).
3
Let s be 5/3 - (-2)/6. Let x be (-6)/(s/(0 - -2)). Let w(n) = -15*n**2 - 5*n + 27. Let f(l) = -13*l**2 - 5*l + 24. Let i(p) = -7*f(p) + 6*w(p). Give i(x).
0
Let w(d) = 2*d - 4. Let g(b) = -2*b + 4. Let k(h) = -h**2 - 12*h - 4. Let l be k(-12). Let u(a) = l*w(a) - 3*g(a). Let v = 4 + 1. Calculate u(v).
-6
Let u(f) = -4*f - 32. Let p = -586 - -576. Give u(p).
8
Let f be 20/(-10)*2*(-12)/16. Let w(l) be the first derivative of l**f - 2*l**2 + 2*l + 1/4*l**4 - 1. Give w(-4).
2
Let x = 65 + -91. Let o = x + 30. Let z(l) = -l**3 + 2*l**2 + 6*l - 4. Determine z(o).
-12
Let k(r) be the first d